{"id":879,"date":"2024-06-26T12:46:34","date_gmt":"2024-06-26T10:46:34","guid":{"rendered":"https:\/\/podcast.upv.es\/programa\/sos-matricula-upv\/"},"modified":"2025-12-17T12:35:52","modified_gmt":"2025-12-17T11:35:52","slug":"sos-matricula-upv","status":"publish","type":"programa","link":"https:\/\/podcast.upv.es\/va\/programa\/sos-matricula-upv\/","title":{"rendered":"SOS MATR\u00cdCULA UPV"},"content":{"rendered":"\n<div class=\"wp-block-media-text is-stacked-on-mobile has-upv-light-background-color has-background\"><figure class=\"wp-block-media-text__media\"><img loading=\"lazy\" decoding=\"async\" width=\"900\" height=\"506\" src=\"https:\/\/podcast.upv.es\/wp-content\/uploads\/2024\/06\/sos-matricula_podcasts-UPV-interior.webp\" alt=\"\" class=\"wp-image-874 size-full\" srcset=\"https:\/\/podcast.upv.es\/wp-content\/uploads\/2024\/06\/sos-matricula_podcasts-UPV-interior.webp 900w, https:\/\/podcast.upv.es\/wp-content\/uploads\/2024\/06\/sos-matricula_podcasts-UPV-interior-300x169.webp 300w, https:\/\/podcast.upv.es\/wp-content\/uploads\/2024\/06\/sos-matricula_podcasts-UPV-interior-768x432.webp 768w\" sizes=\"auto, (max-width: 900px) 100vw, 900px\" \/><\/figure><div class=\"wp-block-media-text__content\"><h2 class=\"wp-block-post-title\">SOS MATR\u00cdCULA UPV<\/h2>\n\n\n<p>Saps on es realitza la preinscripci\u00f3? Com s&#8217;obt\u00e9 la clau? Com sabr\u00e9 si m\u2019han adm\u00e8s ? Aquests i molts m\u00e9s dubtes et poden sorgir en un moment tan important i, des de SOS Matr\u00edcula UPV, et donem la resposta.<\/p>\n\n\n\n<p>Contestem les preguntes m\u00e9s freq\u00fcents. Clica en reproduir i assabenta&#8217;t de tot!<\/p>\n\n\n\n<p><\/p>\n<\/div><\/div>\n","protected":false},"featured_media":877,"template":"","tipo":[23],"class_list":["post-879","programa","type-programa","status-publish","has-post-thumbnail","hentry","tipo-educatius"],"acf":[],"_links":{"self":[{"href":"https:\/\/podcast.upv.es\/va\/wp-json\/wp\/v2\/programa\/879","targetHints":{"allow":["GET"]}}],"collection":[{"href":"https:\/\/podcast.upv.es\/va\/wp-json\/wp\/v2\/programa"}],"about":[{"href":"https:\/\/podcast.upv.es\/va\/wp-json\/wp\/v2\/types\/programa"}],"wp:featuredmedia":[{"embeddable":true,"href":"https:\/\/podcast.upv.es\/va\/wp-json\/wp\/v2\/media\/877"}],"wp:attachment":[{"href":"https:\/\/podcast.upv.es\/va\/wp-json\/wp\/v2\/media?parent=879"}],"wp:term":[{"taxonomy":"tipo","embeddable":true,"href":"https:\/\/podcast.upv.es\/va\/wp-json\/wp\/v2\/tipo?post=879"}],"curies":[{"name":"wp","href":"https:\/\/api.w.org\/{rel}","templated":true}]}}

SOS MATRÍCULA UPV

<div class="wp-block-media-text is-stacked-on-mobile has-upv-light-background-color has-background"><figure class="wp-block-media-text__media"><img loading="lazy" decoding="async" width="900" height="506" src="https://podcast.upv.es/wp-content/uploads/2024/06/sos-matricula_podcasts-UPV-interior.webp" alt="" class="wp-image-874 size-full" srcset="https://podcast.upv.es/wp-content/uploads/2024/06/sos-matricula_podcasts-UPV-interior.webp 900w, https://podcast.upv.es/wp-content/uploads/2024/06/sos-matricula_podcasts-UPV-interior-300x169.webp 300w, https://podcast.upv.es/wp-content/uploads/2024/06/sos-matricula_podcasts-UPV-interior-768x432.webp 768w" sizes="auto, (max-width: 900px) 100vw, 900px" /></figure><div class="wp-block-media-text__content"><h2 class="wp-block-post-title">SOS MATRÍCULA UPV</h2>


<p>Saps on es realitza la preinscripció? Com s&#8217;obté la clau? Com sabré si m’han admès ? Aquests i molts més dubtes et poden sorgir en un moment tan important i, des de SOS Matrícula UPV, et donem la resposta.</p>



<p>Contestem les preguntes més freqüents. Clica en reproduir i assabenta&#8217;t de tot!</p>



<p></p>
</div></div>
